lue of -6 - (15 - 15 - (1 - 0 - 1))?
-6
What is the value of 11 + 22 + 4 + -50?
-13
Calculate 14 - (15 + -1 + -8 + (-1 - 0)).
9
Calculate (-18 - (8 - 25)) + 15.
14
Calculate -36 + 35 - (0 + 0 + (5 - 3)).
-3
(12 + -62 - -21) + 2 + 7
-20
1248 - 1286 - (-40 + 0)
2
What is the value of 13 - (4 - -5 - 0)?
4
-29 + (0 - 0 - -18)
-11
What is the value of -44 + 142 - 112 - (-1 - -2 - 1)?
-14
What is the value of 35 + -40 + (23 - 0)?
18
Calculate -10 - -6 - (-102 + 118).
-20
(55 - (-16 - -48)) + (-8 - 1)
14
What is the value of 16 + -18 + 16 - 14?
0
-17 - (-17 - -1) - (1 - -8)
-10
What is (0 - (18 + -21)) + -15?
-12
Calculate -20 - (15 - 3) - -17.
-15
Evaluate 8 - (-8 + 30 + -38).
24
What is 55 - (8 + -3) - (0 - -15)?
35
11 + 0 - (209 + -202)
4
Evaluate 4 + -1 + -13 - 2 - 1.
-13
What is -2 + 22 + (-8 - -17) + -8 + -3?
18
(-1 - -14 - 8) + 4 - 2
7
Calculate 24 + 2 + 4 + -16 + 2 + 8.
24
Calculate 1 + (-4 - -2) + (4 - 6) + 4.
1
What is -8 + 5 + -5 - (-40 - -52)?
-20
9 + (2 - (-12 + 2 + 8)) + -21
-8
Calculate (-1 + -4 - 2) + (-22 - -24) + -2.
-7
What is 5 - (24 + 10 + -25)?
-4
Calculate (4 - (-23 + 13)) + -8.
6
What is 3 + -2 + 11 + -30 + 46 + -20?
8
-34 + (1 - -1 - 12) + 15
-29
What is -7 + 15 - (-3 - -3)?
8
Calculate 8 - (-27 + 73 + -11).
-27
What is the value of -3 - (91 + -80 - (-1 - -24))?
9
Evaluate 20 - ((-14 - -17) + (-5 - -14)).
8
Evaluate 4 + (-10 - (-1 + -3 - -4)) + 23.
17
-43 + 34 + -8 + 25
8
What is -15 + 28 + -6 + -8 - 6?
-7
What is (-5 - (2 - 4 - -4) - 1) + 7?
-1
Evaluate (20 - 6) + -43 + 19 + -18.
-28
What is the value of -21 - (-3 + 2 + 6 - 14)?
-12
What is -3 - -19 - (-6 - (-1 - -6) - -5)?
22
What is 0 + -5 + -15 + 23 + -10?
-7
What is the value of 0 + -11 + 10 + -6 + 8 + 9?
10
What is (2 - 14) + 8 + -2?
-6
-1 + (-5 - 1 - (0 + -12)) + 8
13
What is the value of (-4 - 16) + 0 + 2 + 11?
-7
Calculate -4 - 18 - -25 - (13 - (0 - -1)).
-9
-31 + 24 + -1 - 8
-16
What is the value of -11 - (16 + -26 - 11)?
10
Evaluate 5 - 12 - (2 + -15 - (-62 - -57)).
1
What is the value of 1 - -27 - (-316 - -342)?
2
7 - (-5 - -4 - -3) - (-6 + 29)
-18
What is 16 - (18 + -3) - 10?
-9
Evaluate -5 + -10 + 31 + 5 + -5 + 11.
27
2 - (3 + -3 + -9)
11
Evaluate -7 + 4 - (4 + -1 + 5).
-11
What is the value of 15 + -1 + (-44 - -12) - (-6 + -1)?
-11
Calculate 29 + -20 - (-6 + (45 - 5 - 1)).
-24
26 + (-20 - (21 - 21))
6
6 + (2 - 7) + 26 + -23 + -1
3
Evaluate -13 + (-9 - -8) - -21.
7
What is -180 + 193 + 2 + -12?
3
What is the value of (-55 - (-9 + -22)) + (0 + 2 - 7)?
-29
What is the value of (4 - 1 - 9) + (-179 - -171)?
-14
What is -9 + -9 + 1 + 6 + 26?
15
What is (-14 - (10 - 23)) + -10 + 1?
-10
Calculate (10 - (-2 + (-4 - -9))) + -10.
-3
3 + -3 + 3 + 2 - (26 + -41)
20
What is the value of -11 + 6 - (-3 + 3 + 2)?
-7
What is the value of 10 - 0 - (-5 - -11) - (7 - 1)?
-2
What is the value of 449 + -437 + -1 + (0 - 2) + -4?
5
(-3 - (-4 + -3)) + -1 + -5 + 2
0
What is the value of 9 + (-7 + -4 + 22 - 40)?
-20
Evaluate 114 - 10 - 31 - 35.
38
(18 - 2 - 10) + -11
-5
What is the value of (1 - 22) + (23 - -8 - 24)?
-14
Calculate 0 + -1 + 32 + -27 - 16.
-12
(-1 - (4 + -4)) + -21
-22
Evaluate -1 + 1 + -1 - (6 + -6) - 2.
-3
What is the value of 0 + (10 + -10 + 6 - (1 - 4))?
9
Evaluate -16 + 31 + (-31 - 3) + (0 - -5).
-14
What is -24 - (22 - (21 + -4))?
-29
What is the value of 6 - -15 - (32 - 17)?
6
What is (-19 - -17 - -18) + -21?
-5
Calculate -8 - ((-18 - 12) + 11).
11
Calculate (-17 - (-10 - -2)) + -17 + 0.
-26
-36 - (-2 + (1 - 19))
-16
-7 - (1 + (-8 - 2))
2
-12 + -29 + 19 - 7
-29
9 + (19 - 17) - (4 - 1) - 12
-4
18 - 20 - 3 - -4
-1
(105 - 97) + (17 - -3) + (-6 - -2)
24
Calculate 1 + -12 - (-38 + (13 - -20)).
-6
-12 + 2 - (7 + -4)
-13
Calculate 23 - 21 - 4 - (3 - 4 - -6).
-7
What is (2 - 3) + (31 - 26)?
4
Calculate (-1 - (6 + -16)) + -2 + -1 + -33.
-27
Evaluate 188 + -182 + (-3 - -23).
26
(3 - 5) + 15 + -11 + 15
17
Evaluate 1 + 2 + 183 + -203 + 5 + -1.
-13
Evaluate 4 + -1 + -5 + -10.
-12
4 + (-1 - -6) + -66 + 59
2
Evaluate (-1 - (7 + 0)) + 2 + 5.
-1
What is the value of 17 - (17 - -2) - (-1 - (1 - 11))?
-11
8 + (-60 - (9 + -28))
-33
What is -17 + 0 - (-77 - -74)?
-14
50 - 53 - ((-1 - -10) + (1 - 0))
-13
What is 25 - (-1 - 0) - (-15 - -27 - 4)?
18
What is the value of -3 + 3 - -9 - (23 + -19 + 2)?
3
Calculate -12 - (35 + -22 - 15).
-10
What is (-12 - -9) + 20 + -6?
11
Evaluate (1 - -2) + -3 + 4 + (3 - 2).
5
Calculate -69 - -30 - (-3 - 12).
-24
Calculate -19 + (10 - 0 - (32 + -28)).
-13
What is the value of -1 + 10 + -17 + -1 + 5?
-4
What is (-61 - -29 - (0 + -3)) + -5 + 9?
-25
Evaluate 0 - (-13 + 12 + -1).
2
Calculate (-1 - 3) + (27 - (6 + -2)).
19
What is 52 - (-28 + 22 - -37)?
21
What is the value of -10 + 1 - (707 + -725)?
9
8 - ((-1 - -2) + 8 - (8 + -9))
-2
What is the value of -3 + (-2 + -2 - 1) - (8 + -28)?
12
Calculate (-24 - (26 - 47)) + -5.
-8
-25 + (1 - 7) + 36
5
What is 1 - (10 - 10) - (31 - 19)?
-11
Evaluate 5 - (5 + (-2 - 6) - -3).
5
What is (9 - -2) + -4 + (0 - 27)?
-20
-13 - (-2 + 9 - (55 + -51))
-16
Calculate 15 - (16 + 1 - (-20 - (-25 + -2))).
5
Calculate -6 - ((-2 - -13) + (-4 - 4)).
-9
What is the value of 735 + -726 + (1 - 16)?
-6
Calculate (-17 - 1) + 149 + -131.
0
What is the value of (15 - -5) + 10 + -19?
11
Calculate (9 - 0) + (-27 - -9).
-9
What is (15 - (-1 + 3)) + (129 - 122)?
20
What is -2 + (31 - 41) + 7?
-5
Calculate 2 - (54 + -2 + -20 + 4).
-34
What is the value of -17 + 2 - (-77 + 73)?
-11
(16 - -6) + 32 + -54
0
Evaluate -2 + 4 + (1 - -5) + (-16 - 6).
-14
Evaluate 2 + 0 - (1 + 3 + (410 - 422)).
10
(-5 - (-18 - 10)) + -1 + -7 - -9
24
Evaluate (11 - (-8 + (5 - -7))) + 1.
8
Calculate 3 - (5 + 1 + -9 - (-14 - -6)).
-2
What is 0 + 1 + -2 - (-18 - 55 - -50)?
22
Evaluate (25 - (-3 - -38)) + -12.
-22
(-48 + 5 - -45) + (-2 + 4 - -5)
9
Evaluate -15 + (17 + -9 + -1 - 13).
-21
What is -2 - -15 - (54 - 42 - -6)?
-5
What is the value of -31 - (-83 - -23 - -19)?
10
What is the value of (-253 - -218) + 29 + -2?
-8
Calculate 6 - (-1 - (8 + 11 + 3 + -6)).
23
Calculate -23 + 13 + -3 - -21.
8
25 - (34 - 14) - (2 - -2)
1
Calculate 16 - ((0 - -5) + 18 + -33 + 15).
11
Evaluate -8 - (-23 - (2 - 17) - -4).
-4
What is the value of 28 - 13 - 6 - 16 - (0 + -21)?
14
What is the value of (7 + -27 - 0) + (-1 - 9) + 19?
-11
What is -33 + 26 - (-27 - (-3 - (-1 - 1)))?
19
Calculate -22 + (-1372 + 1368 - (0 + 1 + -12)).
-15
0 - 24 - ((21 - 20) + -11)
-14
What is -12 - (0 + -56 + (195 - 183))?
32
Evaluate 1 - -36 - (176 - 157).
18
What is (2 + 4 - 3) + (5 - 2) + -3?
3
Calculate 22 - (21 + -30 + 18).
13
What is -29 + -2 + 1 + 4 + 7 + 2?
-17
Calculate 46 + -40 + (-2 - 0).
4
What is -12 + 13 + -4 + -15 - -13?
-5
(-3 - -9 - ((10 - 6) + -4)) + -3
3
Evaluate -482 - -464 - (-39 + -4 + 0).
25
Evaluate 32 + (-40 - (22 + -29)).
-1
Calculate -10 + 41 + -27 + -9.
-5
Calculate 1 - 13 - (159 - 163).
-8
What is the value of -1 + 3 + (130 - 129)?
3
7 + (-3 - (-16 - -10) - -5)
15
What is -1 - (5 - (-4 + 23 + -4))?
9
Calculate (2 - 5) + 1 + (5 - 11).
-8
What is the value of 1 + -12 + (-6 - (-14 - -21) - -11)?
-13
5 + 5 + -4 + (7 - 4)
9
Calculate (47 - 38) + (-3 - -6).
12
What is the value of -1371 + 1360 - (-2 + 2 + (15 - -1))?
-27
Calculate (-3 - ((9 - 0) + -18 + -11)) + 8.
25
What is 33 - -7 - (-12 - -18)?
34
What is -7 - 6 - (8 + 1 + -2 + -12)?
-8
What is the value of -13 - ((-29 - -18) + -18)?
16
Evaluate 35 + (-2 - -10 - (5 - -9)).
29
7 - (61 - (67 - 32))
-19
Evaluate -27 - (3 - (8 - -7)).
-15
What is (10 - 4) + -24 - (3 + -10)?
-11
Calculate 19 + (0 + 0 - (5 + -7) - 8).
13
(2 - -15) + -22 - (-8 - 0) - -12
15
What is -188 + 205 + (15 - 0) + 3?
35
Calculate 25 - (-3 + (3 - (8 - -4) - -14)).
23
What is the value of (14 - 5) + 1 - (1 + 4 + -5)?
10
What is 23 + 4 + 3 + (0 - 10)?
20
Evaluate (-71 - (-32 - 43)) + (4 - 0).
8
Calculate -25 - (-11 - -11 - 15).
-10
Evaluate (-2 - -21) + (3 - (20 + -14 + 5)).
11
1 + 15 - (-4 - (-9 - (12 + -20)))
19
Calculate 13 + -4 - 31 - -9.
-13
6 + (-10 - 12) + (4 - -4) - -5
-3
What is 10 + (14 - 41) - -13?
-4
-1 + (-1 - -9 - 19 - -4)
-8
What is the value of 33 + (-1 + -16 - -22) - 15?
23
What is the value of 16 + -1 + (126 - 129)?
12
14 - (-12 + (1 - (2 + -13)))
14
Calculate -2 - 6 - (-13 - (32 + (15 - 33))).
19
Calculate -1 + 16 + (-91 - -63).
-13
What is -20 + 14 + -8 + 1